{"id":239,"date":"2017-07-30T21:33:45","date_gmt":"2017-07-30T21:33:45","guid":{"rendered":"http:\/\/dassonville.info\/portfolio\/?page_id=239"},"modified":"2017-08-05T09:47:40","modified_gmt":"2017-08-05T09:47:40","slug":"mes-projets","status":"publish","type":"page","link":"https:\/\/dassonville.info\/portfolio\/mes-projets\/","title":{"rendered":"Mes projets"},"content":{"rendered":"<p>Je suis toujours \u00e0 la recherche de mod\u00e8les f\u00e9minins pour compl\u00e9ter mes quatre principaux projets.<\/p>\n<ol>\n<li>&#8211; <a href=\"https:\/\/dassonville.info\/portfolio\/galeries\/courber\" target=\"_blank\" rel=\"noopener\">Courber la lumi\u00e8re<\/a> :<br \/>\nLes corps soulign\u00e9s de lumi\u00e8re et tordus dans des positions qui montrent ou cachent ce qu&rsquo;on veut.<\/li>\n<li>&#8211; <a href=\"https:\/\/dassonville.info\/portfolio\/paysages-de-corps\/\" rel=\"noopener\">Au d\u00e9tail<\/a> :<br \/>\nDes d\u00e9tails de corps, gros plans sur des courbes, des plaines, des vall\u00e9es, des monts, \u00e0 la limite du contre jour.<\/li>\n<li>&#8211; <a href=\"https:\/\/dassonville.info\/portfolio\/galerie\/peintre\" target=\"_blank\" rel=\"noopener\">Le peintre<\/a> :<br \/>\nLa photo est une peinture faite au 1\/125\u00e8me de seconde alors profitons en pour saisir les poses classiques de la peinture.<\/li>\n<li>&#8211; <a href=\"https:\/\/dassonville.info\/portfolio\/galerie\/jcmm\" target=\"_blank\" rel=\"noopener\">JCMM<\/a> :<br \/>\n\u00ab\u00a0Just Call Me Master\u00a0\u00bb est une s\u00e9rie kinky qui demande \u00e0 s&rsquo;\u00e9toffer pour donner son potentiel<\/li>\n<\/ol>\n<p>Ces projets sont ceux que je privil\u00e9gie actuellement parce que je veux arriver \u00e0 monter une exposition, mais ils ne sont pas des exclusivit\u00e9s. Il suffit de voir mes galeries pour vous en rendre compte. Proposez moi vos envies, vos id\u00e9es, vos d\u00e9lires et discutons en.<\/p>\n<p>Toutes les s\u00e9ances sont pr\u00e9c\u00e9d\u00e9es d&rsquo;une discussion pour planifier les contenus.<br \/>\nJe programme des s\u00e9ances photos qu&rsquo;avec des mod\u00e8les majeurs uniquement. Aucune s\u00e9ance avec des mineurs m\u00eame accompagn\u00e9s d&rsquo;une responsable l\u00e9gal.<\/p>\n<p><a href=\"https:\/\/i0.wp.com\/dassonville.info\/portfolio\/wp-content\/uploads\/2015\/02\/cropped-carte_visite_3D-1.png?ssl=1\"><img decoding=\"async\" loading=\"lazy\" class=\"aligncenter size-thumbnail wp-image-231\" src=\"https:\/\/i0.wp.com\/dassonville.info\/portfolio\/wp-content\/uploads\/2015\/02\/cropped-carte_visite_3D-1.png?resize=150%2C150&#038;ssl=1\" alt=\"\" width=\"150\" height=\"150\" srcset=\"https:\/\/i0.wp.com\/dassonville.info\/portfolio\/wp-content\/uploads\/2015\/02\/cropped-carte_visite_3D-1.png?resize=150%2C150&amp;ssl=1 150w, https:\/\/i0.wp.com\/dassonville.info\/portfolio\/wp-content\/uploads\/2015\/02\/cropped-carte_visite_3D-1.png?resize=300%2C300&amp;ssl=1 300w, https:\/\/i0.wp.com\/dassonville.info\/portfolio\/wp-content\/uploads\/2015\/02\/cropped-carte_visite_3D-1.png?w=512&amp;ssl=1 512w\" sizes=\"(max-width: 150px) 100vw, 150px\" data-recalc-dims=\"1\" \/><\/a><\/p>\n","protected":false},"excerpt":{"rendered":"<p>Je suis toujours \u00e0 la recherche de mod\u00e8les f\u00e9minins pour compl\u00e9ter mes quatre principaux projets. &#8211; Courber la lumi\u00e8re : Les corps soulign\u00e9s de lumi\u00e8re et tordus dans des positions qui montrent ou cachent ce qu&rsquo;on veut. &#8211; Au d\u00e9tail : Des d\u00e9tails de corps, gros plans sur des courbes, des plaines, des vall\u00e9es, des [&hellip;]<\/p>\n","protected":false},"author":2,"featured_media":0,"parent":0,"menu_order":0,"comment_status":"closed","ping_status":"closed","template":"","meta":{"jetpack_post_was_ever_published":false},"aioseo_notices":[],"jetpack_sharing_enabled":true,"jetpack_shortlink":"https:\/\/wp.me\/P91Gix-3R","_links":{"self":[{"href":"https:\/\/dassonville.info\/portfolio\/wp-json\/wp\/v2\/pages\/239"}],"collection":[{"href":"https:\/\/dassonville.info\/portfolio\/wp-json\/wp\/v2\/pages"}],"about":[{"href":"https:\/\/dassonville.info\/portfolio\/wp-json\/wp\/v2\/types\/page"}],"author":[{"embeddable":true,"href":"https:\/\/dassonville.info\/portfolio\/wp-json\/wp\/v2\/users\/2"}],"replies":[{"embeddable":true,"href":"https:\/\/dassonville.info\/portfolio\/wp-json\/wp\/v2\/comments?post=239"}],"version-history":[{"count":3,"href":"https:\/\/dassonville.info\/portfolio\/wp-json\/wp\/v2\/pages\/239\/revisions"}],"predecessor-version":[{"id":378,"href":"https:\/\/dassonville.info\/portfolio\/wp-json\/wp\/v2\/pages\/239\/revisions\/378"}],"wp:attachment":[{"href":"https:\/\/dassonville.info\/portfolio\/wp-json\/wp\/v2\/media?parent=239"}],"curies":[{"name":"wp","href":"https:\/\/api.w.org\/{rel}","templated":true}]}}